{"id":17005,"date":"2019-12-13T12:18:14","date_gmt":"2019-12-13T11:18:14","guid":{"rendered":"http:\/\/christus-gemeinde.net\/wordpress-neu\/contact-us-copy\/"},"modified":"2024-12-26T17:07:35","modified_gmt":"2024-12-26T16:07:35","slug":"anfahrt","status":"publish","type":"page","link":"https:\/\/www.christus-gemeinde.net\/cms\/kontakt-impressum\/anfahrt\/","title":{"rendered":"Anfahrt"},"content":{"rendered":"\t\t<div data-elementor-type=\"wp-page\" data-elementor-id=\"17005\" class=\"elementor elementor-17005\" data-elementor-post-type=\"page\">\n\t\t\t\t\t\t<section class=\"elementor-section elementor-top-section elementor-element elementor-element-87239a4 elementor-section-boxed elementor-section-height-default elementor-section-height-default\" data-id=\"87239a4\" data-element_type=\"section\" data-e-type=\"section\">\n\t\t\t\t\t\t<div class=\"elementor-container elementor-column-gap-default\">\n\t\t\t\t\t<div class=\"elementor-column elementor-col-100 elementor-top-column elementor-element elementor-element-42c545c\" data-id=\"42c545c\" data-element_type=\"column\" data-e-type=\"column\">\n\t\t\t<div class=\"elementor-widget-wrap elementor-element-populated\">\n\t\t\t\t\t\t<div class=\"elementor-element elementor-element-9bcb965 elementor-widget elementor-widget-heading\" data-id=\"9bcb965\" data-element_type=\"widget\" data-e-type=\"widget\" data-widget_type=\"heading.default\">\n\t\t\t\t<div class=\"elementor-widget-container\">\n\t\t\t\t\t<h1 class=\"elementor-heading-title elementor-size-default\">Anfahrt<\/h1>\t\t\t\t<\/div>\n\t\t\t\t<\/div>\n\t\t\t\t\t<\/div>\n\t\t<\/div>\n\t\t\t\t\t<\/div>\n\t\t<\/section>\n\t\t\t\t<section class=\"elementor-section elementor-top-section elementor-element elementor-element-d3ab1eb elementor-section-boxed elementor-section-height-default elementor-section-height-default\" data-id=\"d3ab1eb\" data-element_type=\"section\" data-e-type=\"section\">\n\t\t\t\t\t\t<div class=\"elementor-container elementor-column-gap-default\">\n\t\t\t\t\t<div class=\"elementor-column elementor-col-50 elementor-top-column elementor-element elementor-element-58e6d57\" data-id=\"58e6d57\" data-element_type=\"column\" data-e-type=\"column\">\n\t\t\t<div class=\"elementor-widget-wrap elementor-element-populated\">\n\t\t\t\t\t\t<div class=\"elementor-element elementor-element-b0e4ae7 elementor-widget elementor-widget-text-editor\" data-id=\"b0e4ae7\" data-element_type=\"widget\" data-e-type=\"widget\" data-widget_type=\"text-editor.default\">\n\t\t\t\t<div class=\"elementor-widget-container\">\n\t\t\t\t\t\t\t\t\t<h2>Adresse<\/h2><p>Christus Gemeinde Wolfenb\u00fcttel<br \/>Leopoldstra\u00dfe 14<br \/>38302 Wolfenb\u00fcttel<\/p><p><a href=\"https:\/\/www.christus-gemeinde.net\/wordpress\/wp-content\/uploads\/2021\/10\/anfahrt.jpg\" target=\"_blank\" rel=\"noopener\">Anfahrtsskizze anzeigen<\/a><\/p>\t\t\t\t\t\t\t\t<\/div>\n\t\t\t\t<\/div>\n\t\t\t\t\t<\/div>\n\t\t<\/div>\n\t\t\t\t<div class=\"elementor-column elementor-col-50 elementor-top-column elementor-element elementor-element-4e8882b\" data-id=\"4e8882b\" data-element_type=\"column\" data-e-type=\"column\">\n\t\t\t<div class=\"elementor-widget-wrap elementor-element-populated\">\n\t\t\t\t\t\t<div class=\"elementor-element elementor-element-62708e4 elementor-widget elementor-widget-image\" data-id=\"62708e4\" data-element_type=\"widget\" data-e-type=\"widget\" title=\"Ausschnitt der Anfahrtsbeschreibung\" data-widget_type=\"image.default\">\n\t\t\t\t<div class=\"elementor-widget-container\">\n\t\t\t\t\t\t\t\t\t\t\t\t\t\t\t<img fetchpriority=\"high\" decoding=\"async\" width=\"280\" height=\"210\" src=\"https:\/\/www.christus-gemeinde.net\/wordpress\/wp-content\/uploads\/2021\/10\/anfahrt_vorschau.jpg\" class=\"attachment-large size-large wp-image-19943\" alt=\"\" \/>\t\t\t\t\t\t\t\t\t\t\t\t\t\t\t<\/div>\n\t\t\t\t<\/div>\n\t\t\t\t\t<\/div>\n\t\t<\/div>\n\t\t\t\t\t<\/div>\n\t\t<\/section>\n\t\t\t\t<section class=\"elementor-section elementor-top-section elementor-element elementor-element-47f4ccd elementor-section-boxed elementor-section-height-default elementor-section-height-default\" data-id=\"47f4ccd\" data-element_type=\"section\" data-e-type=\"section\">\n\t\t\t\t\t\t<div class=\"elementor-container elementor-column-gap-default\">\n\t\t\t\t\t<div class=\"elementor-column elementor-col-100 elementor-top-column elementor-element elementor-element-a5f4452\" data-id=\"a5f4452\" data-element_type=\"column\" data-e-type=\"column\">\n\t\t\t<div class=\"elementor-widget-wrap elementor-element-populated\">\n\t\t\t\t\t\t<div class=\"elementor-element elementor-element-6cc9af3 elementor-widget elementor-widget-text-editor\" data-id=\"6cc9af3\" data-element_type=\"widget\" data-e-type=\"widget\" data-widget_type=\"text-editor.default\">\n\t\t\t\t<div class=\"elementor-widget-container\">\n\t\t\t\t\t\t\t\t\t<h2>Anfahrt mit dem PKW<\/h2><h3>Von Braunschweig<\/h3><p>A 36 Ausfahrt Wolfenb\u00fcttel-Nord (Ausfahrt 4); 4. Ampel links (Richtung Halberstadt, Sch\u00f6ningen); 1. rechts; 1. links in die Leopoldstra\u00dfe.<\/p><h3>Von Sch\u00f6ningen<\/h3><p>\u00dcber Sch\u00f6ppenstedt, WF-Ahlum, immer geradeaus bis in die Leopoldstra\u00dfe.<\/p><h3>Von Salzgitter Lebenstedt<\/h3><p>\u00dcber Wolfenb\u00fcttel-Adersheim; unter der BAB \u201eBad Harzburg-Braunschweig\u201c (A 36) durch; ca. 2,5 km immer geradeaus, an der Feuerwehr vorbei, weiter geradeaus Richtung Halberstadt. Nach dem Firmengel\u00e4nde von \u201eJ\u00e4germeister\u201c (auf der linken Seite) 1. rechts in die Leopoldstra\u00dfe.<\/p><h3>Aus dem Harz<\/h3><p>A 36 Ausfahrt Wolfenb\u00fcttel-West (Ausfahrt 6); ca. 2,5 km immer gerade aus, an der Feuerwehr vorbei, weiter geradeaus Richtung Halberstadt. Nach dem Firmengel\u00e4nde von \u201eJ\u00e4germeister\u201c (auf der linken Seite) 1. rechts in die Leopoldstra\u00dfe.<\/p><h3>Von Kassel<\/h3><p>A 7; A 39 (Richtung Salzgitter, Braunschweig); Ausfahrt 18 Richtung Wolfenb\u00fcttel; dann wie\u00a0<i>Von Salzgitter Lebenstedt<\/i><\/p>\t\t\t\t\t\t\t\t<\/div>\n\t\t\t\t<\/div>\n\t\t\t\t\t<\/div>\n\t\t<\/div>\n\t\t\t\t\t<\/div>\n\t\t<\/section>\n\t\t\t\t<section class=\"elementor-section elementor-top-section elementor-element elementor-element-578b2f4 elementor-section-boxed elementor-section-height-default elementor-section-height-default\" data-id=\"578b2f4\" data-element_type=\"section\" data-e-type=\"section\">\n\t\t\t\t\t\t<div class=\"elementor-container elementor-column-gap-default\">\n\t\t\t\t\t<div class=\"elementor-column elementor-col-100 elementor-top-column elementor-element elementor-element-946ca81\" data-id=\"946ca81\" data-element_type=\"column\" data-e-type=\"column\">\n\t\t\t<div class=\"elementor-widget-wrap elementor-element-populated\">\n\t\t\t\t\t\t<div class=\"elementor-element elementor-element-c04b296 elementor-widget elementor-widget-text-editor\" data-id=\"c04b296\" data-element_type=\"widget\" data-e-type=\"widget\" data-widget_type=\"text-editor.default\">\n\t\t\t\t<div class=\"elementor-widget-container\">\n\t\t\t\t\t\t\t\t\t<h2>Anfahrt mit \u00f6ffentlichen Verkehrsmitteln<\/h2><p>Linie 710: J\u00e4germeisterstra\u00dfe<br \/>Linie 791: J\u00e4germeisterstra\u00dfe<br \/>Linie 792: J\u00e4germeisterstra\u00dfe <br \/>Linie 793: Gesundheitsamt bzw. Ecke Leopoldstra\u00dfe<br \/>Linie 796: J\u00e4germeisterstra\u00dfe<br \/>Linie 797: J\u00e4germeisterstra\u00dfe<\/p><p><a href=\"https:\/\/www.christus-gemeinde.net\/wordpress\/wp-content\/uploads\/2021\/10\/anfahrt_bus.jpg\" target=\"_blank\" rel=\"noopener\">Umgebungsplan mit den Haltestellen anzeigen<\/a><\/p>\t\t\t\t\t\t\t\t<\/div>\n\t\t\t\t<\/div>\n\t\t\t\t\t<\/div>\n\t\t<\/div>\n\t\t\t\t\t<\/div>\n\t\t<\/section>\n\t\t\t\t<\/div>\n\t\t","protected":false},"excerpt":{"rendered":"<p>Anfahrt Adresse Christus Gemeinde Wolfenb\u00fcttelLeopoldstra\u00dfe 1438302 Wolfenb\u00fcttel Anfahrtsskizze anzeigen Anfahrt mit dem PKW Von Braunschweig A 36 Ausfahrt Wolfenb\u00fcttel-Nord (Ausfahrt 4); 4. Ampel links (Richtung Halberstadt, Sch\u00f6ningen); 1. rechts; 1. links in die Leopoldstra\u00dfe. Von Sch\u00f6ningen \u00dcber Sch\u00f6ppenstedt, WF-Ahlum, immer geradeaus bis in die Leopoldstra\u00dfe. Von Salzgitter Lebenstedt \u00dcber Wolfenb\u00fcttel-Adersheim; unter der BAB \u201eBad Harzburg-Braunschweig\u201c<\/p>\n","protected":false},"author":3,"featured_media":0,"parent":17374,"menu_order":1,"comment_status":"closed","ping_status":"closed","template":"","meta":{"h5ap_radio_sources":[],"footnotes":""},"class_list":["post-17005","page","type-page","status-publish","hentry"],"aioseo_notices":[],"_links":{"self":[{"href":"https:\/\/www.christus-gemeinde.net\/cms\/wp-json\/wp\/v2\/pages\/17005","targetHints":{"allow":["GET"]}}],"collection":[{"href":"https:\/\/www.christus-gemeinde.net\/cms\/wp-json\/wp\/v2\/pages"}],"about":[{"href":"https:\/\/www.christus-gemeinde.net\/cms\/wp-json\/wp\/v2\/types\/page"}],"author":[{"embeddable":true,"href":"https:\/\/www.christus-gemeinde.net\/cms\/wp-json\/wp\/v2\/users\/3"}],"replies":[{"embeddable":true,"href":"https:\/\/www.christus-gemeinde.net\/cms\/wp-json\/wp\/v2\/comments?post=17005"}],"version-history":[{"count":34,"href":"https:\/\/www.christus-gemeinde.net\/cms\/wp-json\/wp\/v2\/pages\/17005\/revisions"}],"predecessor-version":[{"id":22530,"href":"https:\/\/www.christus-gemeinde.net\/cms\/wp-json\/wp\/v2\/pages\/17005\/revisions\/22530"}],"up":[{"embeddable":true,"href":"https:\/\/www.christus-gemeinde.net\/cms\/wp-json\/wp\/v2\/pages\/17374"}],"wp:attachment":[{"href":"https:\/\/www.christus-gemeinde.net\/cms\/wp-json\/wp\/v2\/media?parent=17005"}],"curies":[{"name":"wp","href":"https:\/\/api.w.org\/{rel}","templated":true}]}}