{"id":16975,"date":"2019-12-13T11:47:03","date_gmt":"2019-12-13T10:47:03","guid":{"rendered":"http:\/\/christus-gemeinde.net\/wordpress-neu\/austauschtreff-copy\/"},"modified":"2025-04-08T06:37:26","modified_gmt":"2025-04-08T04:37:26","slug":"pfadfinder","status":"publish","type":"page","link":"https:\/\/www.christus-gemeinde.net\/cms\/gemeindeleben\/pfadfinder\/","title":{"rendered":"Pfadfinder"},"content":{"rendered":"\t\t<div data-elementor-type=\"wp-page\" data-elementor-id=\"16975\" class=\"elementor elementor-16975\" data-elementor-post-type=\"page\">\n\t\t\t\t\t\t<section class=\"elementor-section elementor-top-section elementor-element elementor-element-ad432b9 elementor-section-boxed elementor-section-height-default elementor-section-height-default\" data-id=\"ad432b9\" data-element_type=\"section\" data-e-type=\"section\">\n\t\t\t\t\t\t<div class=\"elementor-container elementor-column-gap-default\">\n\t\t\t\t\t<div class=\"elementor-column elementor-col-100 elementor-top-column elementor-element elementor-element-f10d152\" data-id=\"f10d152\" data-element_type=\"column\" data-e-type=\"column\">\n\t\t\t<div class=\"elementor-widget-wrap elementor-element-populated\">\n\t\t\t\t\t\t<div class=\"elementor-element elementor-element-d56d03d elementor-widget elementor-widget-text-editor\" data-id=\"d56d03d\" data-element_type=\"widget\" data-e-type=\"widget\" data-widget_type=\"text-editor.default\">\n\t\t\t\t<div class=\"elementor-widget-container\">\n\t\t\t\t\t\t\t\t\t<header><h1>Pfadfinder<\/h1><\/header><p>Bei den Pfadfindern in unserer Gemeinde handelt es sich um eine Siedlung der &#8222;Baptistischen Pfadfinderschaft&#8220; (BPS). Hier verbinden wir praktisches Alltagswissen und Naturerfahrung mit Erlebnisp\u00e4dagogik und dem Glauben an Gott. Dazu geh\u00f6ren Lagerfeuerabende, Workshops, Pfadfinderlager und vieles mehr.<\/p><p><span style=\"font-size: 11.5pt; font-family: 'Aptos',sans-serif; mso-fareast-font-family: Aptos; mso-fareast-theme-font: minor-latin; mso-bidi-font-family: Aptos; color: black; background: white; mso-ligatures: standardcontextual; mso-ansi-language: DE; mso-fareast-language: EN-US; mso-bidi-language: AR-SA;\">Im Moment finden keine regelm\u00e4\u00dfigen Gruppenstunden statt<\/span>.<\/p><p>Bei Fragen melde dich gerne bei uns. Du erreichst uns per E-Mail unter <a href=\"javascript:secureDecryptAndNavigate('vwqFqZ9MZA5VhL4alA3YyoCYt+HWrXdT7CHee4yjE2F9ogxi9ouTQKBZGAcIwi8zx0XV8\/4IjfkOMfPHge4vJqTn1bBDTFOAF5luo3K7mdMiu\/0gO8NX', 'c4b71484e00f6db31ac7c53c73876c626ab43a97cc8ad6654205a7397007e615')\">pfadfinder[at]christus-gemeinde[punkt]net<\/a>.<\/p><p>Wer sich noch genauer zum Thema &#8222;Baptische Pfadfinderschaft&#8220; informieren m\u00f6chte, kann gerne die BPS-Website besuchen: <a href=\"https:\/\/www.bps-pfadfinder.de\/\" target=\"_blank\" rel=\"noopener\">www.bps-pfadfinder.de<\/a>.<\/p>\t\t\t\t\t\t\t\t<\/div>\n\t\t\t\t<\/div>\n\t\t\t\t\t<\/div>\n\t\t<\/div>\n\t\t\t\t\t<\/div>\n\t\t<\/section>\n\t\t\t\t<\/div>\n\t\t","protected":false},"excerpt":{"rendered":"<p>Pfadfinder Bei den Pfadfindern in unserer Gemeinde handelt es sich um eine Siedlung der &#8222;Baptistischen Pfadfinderschaft&#8220; (BPS). Hier verbinden wir praktisches Alltagswissen und Naturerfahrung mit Erlebnisp\u00e4dagogik und dem Glauben an Gott. Dazu geh\u00f6ren Lagerfeuerabende, Workshops, Pfadfinderlager und vieles mehr. Im Moment finden keine regelm\u00e4\u00dfigen Gruppenstunden statt. Bei Fragen melde dich gerne bei uns. Du erreichst<\/p>\n","protected":false},"author":3,"featured_media":0,"parent":5757,"menu_order":8,"comment_status":"closed","ping_status":"closed","template":"","meta":{"h5ap_radio_sources":[],"footnotes":""},"class_list":["post-16975","page","type-page","status-publish","hentry"],"aioseo_notices":[],"_links":{"self":[{"href":"https:\/\/www.christus-gemeinde.net\/cms\/wp-json\/wp\/v2\/pages\/16975","targetHints":{"allow":["GET"]}}],"collection":[{"href":"https:\/\/www.christus-gemeinde.net\/cms\/wp-json\/wp\/v2\/pages"}],"about":[{"href":"https:\/\/www.christus-gemeinde.net\/cms\/wp-json\/wp\/v2\/types\/page"}],"author":[{"embeddable":true,"href":"https:\/\/www.christus-gemeinde.net\/cms\/wp-json\/wp\/v2\/users\/3"}],"replies":[{"embeddable":true,"href":"https:\/\/www.christus-gemeinde.net\/cms\/wp-json\/wp\/v2\/comments?post=16975"}],"version-history":[{"count":32,"href":"https:\/\/www.christus-gemeinde.net\/cms\/wp-json\/wp\/v2\/pages\/16975\/revisions"}],"predecessor-version":[{"id":22776,"href":"https:\/\/www.christus-gemeinde.net\/cms\/wp-json\/wp\/v2\/pages\/16975\/revisions\/22776"}],"up":[{"embeddable":true,"href":"https:\/\/www.christus-gemeinde.net\/cms\/wp-json\/wp\/v2\/pages\/5757"}],"wp:attachment":[{"href":"https:\/\/www.christus-gemeinde.net\/cms\/wp-json\/wp\/v2\/media?parent=16975"}],"curies":[{"name":"wp","href":"https:\/\/api.w.org\/{rel}","templated":true}]}}