{"id":16967,"date":"2019-12-13T11:44:07","date_gmt":"2019-12-13T10:44:07","guid":{"rendered":"http:\/\/christus-gemeinde.net\/wordpress-neu\/events-copy\/"},"modified":"2025-01-15T19:07:48","modified_gmt":"2025-01-15T18:07:48","slug":"gottesdienst","status":"publish","type":"page","link":"https:\/\/www.christus-gemeinde.net\/cms\/gemeindeleben\/gottesdienst\/","title":{"rendered":"Gottesdienst"},"content":{"rendered":"\t\t<div data-elementor-type=\"wp-page\" data-elementor-id=\"16967\" class=\"elementor elementor-16967\" data-elementor-post-type=\"page\">\n\t\t\t\t\t\t<section class=\"elementor-section elementor-top-section elementor-element elementor-element-ad432b9 elementor-section-boxed elementor-section-height-default elementor-section-height-default\" data-id=\"ad432b9\" data-element_type=\"section\" data-e-type=\"section\">\n\t\t\t\t\t\t<div class=\"elementor-container elementor-column-gap-default\">\n\t\t\t\t\t<div class=\"elementor-column elementor-col-100 elementor-top-column elementor-element elementor-element-f10d152\" data-id=\"f10d152\" data-element_type=\"column\" data-e-type=\"column\">\n\t\t\t<div class=\"elementor-widget-wrap elementor-element-populated\">\n\t\t\t\t\t\t<div class=\"elementor-element elementor-element-d56d03d elementor-widget elementor-widget-text-editor\" data-id=\"d56d03d\" data-element_type=\"widget\" data-e-type=\"widget\" data-widget_type=\"text-editor.default\">\n\t\t\t\t<div class=\"elementor-widget-container\">\n\t\t\t\t\t\t\t\t\t<header><h1>Gottesdienst<\/h1><\/header><div><p>Am Sonntagmorgen um 10 Uhr in die Kirche gehen? Vielleicht m\u00f6chtest du lieber ausschlafen, Sport treiben, spazieren gehen oder fernsehen? Trotzdem m\u00f6chten wir dich einladen, einmal einen Gottesdienst zu besuchen.<\/p><div class=\"wp-block-image\"><figure class=\"alignleft size-large\"><img fetchpriority=\"high\" decoding=\"async\" class=\"size-medium wp-image-17839 alignleft\" title=\"Gottesdienst\" src=\"https:\/\/www.christus-gemeinde.net\/wordpress\/wp-content\/uploads\/2022\/10\/gottesdienst.jpg\" alt=\"Gottesdienst\" width=\"300\" height=\"225\" \/><\/figure><\/div><p>Hier kannst du etwas erfahren \u00fcber Gott, den Sch\u00f6pfer allen Lebens, und Jesus Christus, der unserem Leben Sinn und Ziel geben kann.<\/p><p>Die Anbetung Gottes, Gemeinschaft mit Gott und untereinander sowie die Predigt sind wesentliche Anliegen des Gottesdienstes.<\/p><p>Nach dem Gottesdienst kannst du noch Gemeinschaft haben, bleibe also gern noch etwas auf dem Gemeindegel\u00e4nde und komme mit Anderen ins Gespr\u00e4ch.<br \/><!--<\/p>\n<h2>Gottesdienst spezial<\/h2>\n<p>Vier mal im Jahr feiern wir den Gottesdienst spezial. Dieser startet um 10:00 Uhr. Es gibt u.a. ein Anspiel. Im Anschluss an den Gottesdienst wird auch f\u00fcr das leibliche Wohl gesorgt: Du bist herzlich eingeladen, etwas Gegrilltes zu essen und eine sch\u00f6ne gemeinsame Zeit mit den anderen Besuchern zu erleben.--><\/p><\/div>\t\t\t\t\t\t\t\t<\/div>\n\t\t\t\t<\/div>\n\t\t\t\t\t<\/div>\n\t\t<\/div>\n\t\t\t\t\t<\/div>\n\t\t<\/section>\n\t\t\t\t<\/div>\n\t\t","protected":false},"excerpt":{"rendered":"<p>Gottesdienst Am Sonntagmorgen um 10 Uhr in die Kirche gehen? Vielleicht m\u00f6chtest du lieber ausschlafen, Sport treiben, spazieren gehen oder fernsehen? Trotzdem m\u00f6chten wir dich einladen, einmal einen Gottesdienst zu besuchen. Hier kannst du etwas erfahren \u00fcber Gott, den Sch\u00f6pfer allen Lebens, und Jesus Christus, der unserem Leben Sinn und Ziel geben kann. Die Anbetung<\/p>\n","protected":false},"author":3,"featured_media":0,"parent":5757,"menu_order":1,"comment_status":"closed","ping_status":"closed","template":"","meta":{"h5ap_radio_sources":[],"footnotes":""},"class_list":["post-16967","page","type-page","status-publish","hentry"],"aioseo_notices":[],"_links":{"self":[{"href":"https:\/\/www.christus-gemeinde.net\/cms\/wp-json\/wp\/v2\/pages\/16967","targetHints":{"allow":["GET"]}}],"collection":[{"href":"https:\/\/www.christus-gemeinde.net\/cms\/wp-json\/wp\/v2\/pages"}],"about":[{"href":"https:\/\/www.christus-gemeinde.net\/cms\/wp-json\/wp\/v2\/types\/page"}],"author":[{"embeddable":true,"href":"https:\/\/www.christus-gemeinde.net\/cms\/wp-json\/wp\/v2\/users\/3"}],"replies":[{"embeddable":true,"href":"https:\/\/www.christus-gemeinde.net\/cms\/wp-json\/wp\/v2\/comments?post=16967"}],"version-history":[{"count":42,"href":"https:\/\/www.christus-gemeinde.net\/cms\/wp-json\/wp\/v2\/pages\/16967\/revisions"}],"predecessor-version":[{"id":22223,"href":"https:\/\/www.christus-gemeinde.net\/cms\/wp-json\/wp\/v2\/pages\/16967\/revisions\/22223"}],"up":[{"embeddable":true,"href":"https:\/\/www.christus-gemeinde.net\/cms\/wp-json\/wp\/v2\/pages\/5757"}],"wp:attachment":[{"href":"https:\/\/www.christus-gemeinde.net\/cms\/wp-json\/wp\/v2\/media?parent=16967"}],"curies":[{"name":"wp","href":"https:\/\/api.w.org\/{rel}","templated":true}]}}